p**2 + 44*p - 15. Suppose 11 + 9 = 4*r. Suppose 10*o - r*o = 315. Calculate the remainder when o is divided by y(14).
11
Let c(x) = -5*x**3 - 139*x**2 + 29*x + 42. What is the remainder when 209 is divided by c(-28)?
13
Let w(r) be the first derivative of -25*r**2/2 + 110. What is the remainder when 195 is divided by w(-1)?
20
Let w be 1/(4 - 1140/284). Let f = 121 + w. Let y(q) = -4*q**2 - 32*q + 4. What is the remainder when f is divided by y(-8)?
2
Suppose 152*x = 1476 + 2020. What is the remainder when 361 is divided by x?
16
Let b(d) be the third derivative of d**4/6 + 55*d**3/3 - 3*d**2 + 8. What is the remainder when 16 is divided by b(-25)?
6
Let y(p) = p**3 - 40*p**2 - 59*p - 997. Suppose -3*g = -2*j - 89 - 360, 5*g = -3*j + 780. What is the remainder when g is divided by y(42)?
47
Let x(f) = 6*f**3 - 5*f**2 - 10*f + 15. Let d be x(5). Suppose -2*t + 0*r + 236 = 3*r, 0 = 5*t + r - d. What is the remainder when t is divided by 15?
13
Let x = -173 - -299. Let n(g) = 42*g**3 - 3*g**2 - 335*g + 337. Calculate the remainder when x is divided by n(1).
3
Let h be (-30)/160*8*(-1 + -707). Let q = h - 820. What is the remainder when q is divided by 35?
32
What is the remainder when -14*(-36)/(-16)*4012/(-177) is divided by 66?
54
Suppose 2*d - 10*d = -2272. Suppose d = -69*w + 71*w. Suppose 8*a - 446 = -w. Calculate the remainder when a is divided by 20.
18
Let g(h) = 41*h**2 + 4*h - 18. What is the remainder when 303 is divided by g(2)?
149
Suppose 41 = 2*i - o, -3*i + 5*o = -51 - 14. Let w be 2 + (-2)/(-1) + (-3 - -1). What is the remainder when i is divided by 24 - 28 - ((-40)/2)/w?
2
Let s(q) = -4*q + 2. What is the remainder when 61 + 4*((-75)/6 - -11) + 1 is divided by s(-3)?
0
Let i = 3210 + -3195. Suppose 127 = 3*n - 545. What is the remainder when n is divided by i?
14
Let a(n) = -n**3 - 65*n**2 + 58*n - 1. What is the remainder when a(-66) is divided by 53?
50
Suppose -32 = -8*t + 160. Let v(f) = -f**3 + 23*f**2 + 26*f + 30. What is the remainder when 467 is divided by v(t)?
77
Suppose 0 = -9*d + 7*d + 2*r + 190, 4*d - 380 = -3*r. What is the remainder when d is divided by 52?
43
Let i = 1673 - 1338. What is the remainder when i is divided by 111?
2
Let k be (-1876)/(-21) + 2 - 1/3. What is the remainder when (k/21 + -4)/((-1)/(-786)) is divided by 12?
10
Suppose -q + n - 33 = -61, 0 = -8*q - 4*n + 308. What is the remainder when 414 is divided by q?
29
Suppose 5*n + 2*q - 4 = 0, 8*n - 7*n - 8 = 2*q. Suppose -n*g + 111 = 3*g + 2*x, -3*x - 6 = 0. Calculate the remainder when 52 is divided by g.
6
Suppose -36775*b = -36777*b + 972. What is the remainder when b is divided by 234?
18
Let n(p) = -4*p**2 - 7*p - 5. Let s(d) = 12*d**2 + 22*d + 16. Let i(l) = -16*n(l) - 5*s(l). Calculate the remainder when i(4) is divided by 15.
12
Let y(c) = 424*c**3 - 2*c**2 - 91*c + 92. What is the remainder when 3810 is divided by y(1)?
3
Suppose 5*l - 147 = -2*z, 88*z = 83*z + 5. Suppose -9*o - l*o = -1406. Calculate the remainder when 56 is divided by o.
19
Let s(j) = -193*j**3 - j**2 - j + 2. Let y be s(1). What is the remainder when ((-14)/(-7))/(-2) + (-1 - y) is divided by 65?
61
Let w be ((-8)/7)/(-2*(-8)/(-56)). Let j(m) = m**3 + 5*m**2 - 15*m + 10. Calculate the remainder when j(w) is divided by 32.
30
Let t = -7288 - -7312. What is the remainder when t is divided by 9?
6
Let r = -6253 + 6840. Calculate the remainder when r is divided by 21.
20
Let s = -30 + 3. Let m = s - -27. What is the remainder when 68 is divided by m + (-844)/(-24) + (-1)/6?
33
Let q = -29 - -20. Let j(a) = a**3 + 9*a**2 - 3*a - 12. Let m = 100 - 48. Calculate the remainder when m is divided by j(q).
7
Let a(h) = -3*h**2 - 63*h + 75. Suppose 0 = 3*x + 4*b + 200, 0 = -4*x + 5*x - b + 62. Let u = x + 108. What is the remainder when u is divided by a(-22)?
8
Suppose 100*l - 46*l - 3810 = 48*l. Calculate the remainder when l is divided by 108.
95
Let d(y) = 1788*y - 3631. What is the remainder when d(3) is divided by 15?
8
Suppose -120 = 91*j - 512 - 2156. Calculate the remainder when 717 is divided by j.
17
Suppose -39 - 261 = -10*h. Suppose -h*j + 36 = -28*j. Suppose -9 = -3*k + j. What is the remainder when 44 is divided by k?
8
Let z be 1/((-70)/42 + 1 + 1). Suppose 9 = z*o, 5*f + 2*o = o + 58. What is the remainder when 175 is divided by f?
10
Let a = 12962 - 12931. Suppose 3*o + 6 = 4*k, k + o - 3 = 2. Calculate the remainder when a is divided by k.
1
Let q(i) = 46*i - 101. Let v(m) = m**3 - 36*m**2 + 33*m + 74. Let g be v(35). Calculate the remainder when q(g) is divided by 43.
40
Let r be 0/(-2*(-1 - (0 + 0))). Suppose x - 60*y + 57*y - 32 = 0, 3*y + 6 = r. What is the remainder when 74 is divided by x?
22
Calculate the remainder when 94914/(-21)*(-19 - -8 - -4) is divided by 26.
22
Let y(z) = -19*z + 1. What is the remainder when y(-1) is divided by 2420/3630*45/2?
5
Let h be 1/(1 + -2) + -1. Suppose -4*q = -3*g + 229, -g + 4*q = 18 - 105. Calculate the remainder when g is divided by 21 + (2 - (h - 0)).
21
Suppose -10*q + d + 32664 = -7800, 5*d - 8124 = -2*q. Calculate the remainder when q is divided by 45.
42
Let u be 42/(-15) + 2/(-10). What is the remainder when (2/6)/(u/(-243)) is divided by (-511)/(-292)*(1 + 3)?
6
Let c = 5890 + -5875. What is the remainder when 4647 is divided by c?
12
Suppose -7*j - 4*j = 0. Suppose j = -3*k + 2 + 70. Calculate the remainder when ((-36)/k)/(1/(-6)) is divided by 5.
4
Suppose 2*q + 47 = 5*z, -7*q - 1 = -6*q. What is the remainder when z is divided by 6?
3
Suppose -i - 5*g + 38 + 25 = 0, -3*i + 172 = -2*g. Let x be (-216)/(-54) - (1 + 28). Let r = i + x. Calculate the remainder when 65 is divided by r.
32
Let x = 236 + -127. Let y = 1286 - 1258. Calculate the remainder when x is divided by y.
25
Let u be 260/15*(53/2 + -1). Let z = -10 + u. Suppose -11*q = -23*q + z. What is the remainder when 176 is divided by q?
32
Suppose -3*q = -2*k + 193 + 39, 3*k + 5*q - 405 = 0. Calculate the remainder when 744 is divided by k.
119
Let w(p) = p**2 - 13*p + 11. Let h be w(-13). Let v = h - 233. Let t = v + -35. Calculate the remainder when t is divided by 12.
9
Let j(x) = -x**3 + 8*x**2 + 4*x - 18. Let a be j(8). Suppose -6*n + 22 = -a. Calculate the remainder when (-531)/(-72) + 8 + 3/(-8) is divided by n.
3
Let a be 78/65 - 6756/(-20). Let c = a + -65. What is the remainder when c is divided by 12?
10
Let z(p) be the second derivative of 5*p**3 - 113*p**2/2 + 7*p + 3. Suppose b + 5*n = 2*n + 45, 5*n = -b + 53. What is the remainder when z(7) is divided by b?
31
Let v(k) = 4*k**2 + 64*k + 692. Calculate the remainder when v(-50) is divided by 163.
157
Suppose -3*h + 5 + 4 = 0. Suppose -6*y - h*y = -45. Suppose 0 = -3*s + y*p - 16 + 76, 3*s = -4*p + 87. What is the remainder when 99 is divided by s?
24
Suppose 0*z - 16*z + 4578 = 1378. Calculate the remainder when z is divided by 90.
20
Let x be ((-1)/(-2))/((170/(-60))/(-17)). Suppose 0 = 17*m - x - 167. Calculate the remainder when 37 is divided by m.
7
Let u = -6026 - -6354. Calculate the remainder when u is divided by 49.
34
Let b = 80 + 56. Let s be (b/(-12))/(1/3). Let c = s - -136. Calculate the remainder when c is divided by 26.
24
Let b(w) = -w**2 + 6*w. Let z be b(5). Let t = 0 + z. Suppose 2103 = -11*a + 2334. Calculate the remainder when a is divided by t.
1
Calculate the remainder when 611 is divided by (-88)/(-4) + (-1 - (7 + -4)).
17
Let x(s) = s**3 + 3*s**2 + 8*s - 5. Let q be x(-5). What is the remainder when (0/((-4)/1))/2 - q is divided by (-8)/(-16)*96/10*5?
23
Suppose 42*m - 33*m = 2646. Suppose 6*u = -8*u + m. What is the remainder when 72 is divided by u?
9
Let y(h) = 5*h**2 - 500*h - 435. What is the remainder when 118 is divided by y(101)?
48
Let d(b) = -b**2 - 9*b + 8. Suppose 2*x = 3*n - 68, -2*n + x + 28 = -17. Suppose 5*c = -23 - n. What is the remainder when d(c) is divided by 7?
1
What is the remainder when 1036 is divided by (-139 - -133)*(29/(-2) + (1 - -2))?
1
Let n(c) = c**2 - 59*c + 880. Calculate the remainder when (-2)/((-1)/1) + 234 is divided by n(35).
36
Calculate the remainder when (222/(-3) + 4)*(-234)/18 is divided by 6.
4
Let w(b) = -b**3 + 14*b**2 + 54*b + 4. What is the remainder when w(-5) is divided by 77?
55
Let s be 458/8 + (-65)/52. 